{"id":11713,"date":"2024-06-18T16:52:32","date_gmt":"2024-06-18T19:52:32","guid":{"rendered":"https:\/\/creativb.com.br\/instituto-antigo\/produto\/porta-cartao\/"},"modified":"2024-06-20T17:07:24","modified_gmt":"2024-06-20T20:07:24","slug":"porta-cartao","status":"publish","type":"product","link":"https:\/\/creativb.com.br\/instituto-antigo\/produto\/porta-cartao\/","title":{"rendered":"Porta Cart\u00e3o"},"content":{"rendered":"<p><strong>Carteira em material recicl\u00e1vel RPET, com bolsos para cart\u00e3o, habilita\u00e7\u00e3o e afins.<\/strong><\/p>\n","protected":false},"excerpt":{"rendered":"<p>Carteira em material recicl\u00e1vel RPET, com bolsos para cart\u00e3o, habilita\u00e7\u00e3o e afins.<\/p>\n","protected":false},"featured_media":11721,"comment_status":"open","ping_status":"closed","template":"","meta":[],"product_brand":[],"product_cat":[772962],"product_tag":[773456,773457,773449],"class_list":{"0":"post-11713","1":"product","2":"type-product","3":"status-publish","4":"has-post-thumbnail","6":"product_cat-sem-categoria-juntos-pelo-amanha","7":"product_tag-carteira","8":"product_tag-ecologico","9":"product_tag-porta-cartao","11":"first","12":"instock","13":"taxable","14":"shipping-taxable","15":"purchasable","16":"product-type-simple"},"exclude_global_add_ons":[],"addons":[],"jetpack_publicize_connections":[],"_links":{"self":[{"href":"https:\/\/creativb.com.br\/instituto-antigo\/wp-json\/wp\/v2\/product\/11713","targetHints":{"allow":["GET"]}}],"collection":[{"href":"https:\/\/creativb.com.br\/instituto-antigo\/wp-json\/wp\/v2\/product"}],"about":[{"href":"https:\/\/creativb.com.br\/instituto-antigo\/wp-json\/wp\/v2\/types\/product"}],"replies":[{"embeddable":true,"href":"https:\/\/creativb.com.br\/instituto-antigo\/wp-json\/wp\/v2\/comments?post=11713"}],"wp:featuredmedia":[{"embeddable":true,"href":"https:\/\/creativb.com.br\/instituto-antigo\/wp-json\/wp\/v2\/media\/11721"}],"wp:attachment":[{"href":"https:\/\/creativb.com.br\/instituto-antigo\/wp-json\/wp\/v2\/media?parent=11713"}],"wp:term":[{"taxonomy":"product_brand","embeddable":true,"href":"https:\/\/creativb.com.br\/instituto-antigo\/wp-json\/wp\/v2\/product_brand?post=11713"},{"taxonomy":"product_cat","embeddable":true,"href":"https:\/\/creativb.com.br\/instituto-antigo\/wp-json\/wp\/v2\/product_cat?post=11713"},{"taxonomy":"product_tag","embeddable":true,"href":"https:\/\/creativb.com.br\/instituto-antigo\/wp-json\/wp\/v2\/product_tag?post=11713"}],"curies":[{"name":"wp","href":"https:\/\/api.w.org\/{rel}","templated":true}]}}