{"id":11669,"date":"2024-06-18T16:13:06","date_gmt":"2024-06-18T19:13:06","guid":{"rendered":"https:\/\/creativb.com.br\/instituto-antigo\/?post_type=product&#038;p=11669"},"modified":"2024-12-18T13:22:30","modified_gmt":"2024-12-18T16:22:30","slug":"bone-em-brim-bordado","status":"publish","type":"product","link":"https:\/\/creativb.com.br\/instituto-antigo\/produto\/bone-em-brim-bordado\/","title":{"rendered":"Bon\u00e9 em Brim &#8211; Bordado"},"content":{"rendered":"<p><strong>Bon\u00e9 em brim com bordado, modelo seis gomos, aba sandu\u00edche.<\/strong><\/p>\n","protected":false},"excerpt":{"rendered":"<p>Bon\u00e9 em brim com bordado, modelo seis gomos, aba sandu\u00edche.<\/p>\n","protected":false},"featured_media":11672,"comment_status":"open","ping_status":"closed","template":"","meta":[],"product_brand":[],"product_cat":[772969],"product_tag":[773437,773439,773438],"class_list":{"0":"post-11669","1":"product","2":"type-product","3":"status-publish","4":"has-post-thumbnail","6":"product_cat-bone-juntos-pelo-amanha","7":"product_tag-bone","8":"product_tag-bordado","9":"product_tag-brim","11":"first","12":"instock","13":"taxable","14":"shipping-taxable","15":"purchasable","16":"product-type-variable"},"exclude_global_add_ons":[],"addons":[],"jetpack_publicize_connections":[],"_links":{"self":[{"href":"https:\/\/creativb.com.br\/instituto-antigo\/wp-json\/wp\/v2\/product\/11669","targetHints":{"allow":["GET"]}}],"collection":[{"href":"https:\/\/creativb.com.br\/instituto-antigo\/wp-json\/wp\/v2\/product"}],"about":[{"href":"https:\/\/creativb.com.br\/instituto-antigo\/wp-json\/wp\/v2\/types\/product"}],"replies":[{"embeddable":true,"href":"https:\/\/creativb.com.br\/instituto-antigo\/wp-json\/wp\/v2\/comments?post=11669"}],"wp:featuredmedia":[{"embeddable":true,"href":"https:\/\/creativb.com.br\/instituto-antigo\/wp-json\/wp\/v2\/media\/11672"}],"wp:attachment":[{"href":"https:\/\/creativb.com.br\/instituto-antigo\/wp-json\/wp\/v2\/media?parent=11669"}],"wp:term":[{"taxonomy":"product_brand","embeddable":true,"href":"https:\/\/creativb.com.br\/instituto-antigo\/wp-json\/wp\/v2\/product_brand?post=11669"},{"taxonomy":"product_cat","embeddable":true,"href":"https:\/\/creativb.com.br\/instituto-antigo\/wp-json\/wp\/v2\/product_cat?post=11669"},{"taxonomy":"product_tag","embeddable":true,"href":"https:\/\/creativb.com.br\/instituto-antigo\/wp-json\/wp\/v2\/product_tag?post=11669"}],"curies":[{"name":"wp","href":"https:\/\/api.w.org\/{rel}","templated":true}]}}