{"id":11508,"date":"2024-06-05T16:38:02","date_gmt":"2024-06-05T19:38:02","guid":{"rendered":"https:\/\/creativb.com.br\/instituto-antigo\/?page_id=11508"},"modified":"2024-06-18T16:15:26","modified_gmt":"2024-06-18T19:15:26","slug":"programa-de-educacao-profissionalizante-fgv","status":"publish","type":"page","link":"https:\/\/creativb.com.br\/instituto-antigo\/projetos-instituto\/programa-de-educacao-profissionalizante-fgv\/","title":{"rendered":"Programa de Educa\u00e7\u00e3o Profissionalizante FGV"},"content":{"rendered":"\t\t<div data-elementor-type=\"wp-page\" data-elementor-id=\"11508\" class=\"elementor elementor-11508\">\n\t\t\t\t\t\t<section class=\"elementor-section elementor-top-section elementor-element elementor-element-d0f2dc6 elementor-section-boxed elementor-section-height-default elementor-section-height-default wpr-particle-no wpr-jarallax-no wpr-parallax-no wpr-sticky-section-no wpr-equal-height-no\" data-id=\"d0f2dc6\" data-element_type=\"section\" data-e-type=\"section\">\n\t\t\t\t\t\t<div class=\"elementor-container elementor-column-gap-default\">\n\t\t\t\t\t<div class=\"elementor-column elementor-col-100 elementor-top-column elementor-element elementor-element-6582542\" data-id=\"6582542\" data-element_type=\"column\" data-e-type=\"column\">\n\t\t\t<div class=\"elementor-widget-wrap elementor-element-populated\">\n\t\t\t\t\t\t<div class=\"elementor-element elementor-element-f4af826 elementor-widget elementor-widget-image\" data-id=\"f4af826\" data-element_type=\"widget\" data-e-type=\"widget\" data-widget_type=\"image.default\">\n\t\t\t\t\t\t\t\t\t\t\t\t\t\t\t<img fetchpriority=\"high\" decoding=\"async\" width=\"1024\" height=\"533\" src=\"https:\/\/creativb.com.br\/instituto-antigo\/wp-content\/uploads\/2024\/06\/banner_programa_profissionalizante_header-1024x533.png\" class=\"attachment-large size-large wp-image-11675\" alt=\"\" srcset=\"https:\/\/creativb.com.br\/instituto-antigo\/wp-content\/uploads\/2024\/06\/banner_programa_profissionalizante_header-1024x533.png 1024w, https:\/\/creativb.com.br\/instituto-antigo\/wp-content\/uploads\/2024\/06\/banner_programa_profissionalizante_header-300x156.png 300w, https:\/\/creativb.com.br\/instituto-antigo\/wp-content\/uploads\/2024\/06\/banner_programa_profissionalizante_header-768x400.png 768w, https:\/\/creativb.com.br\/instituto-antigo\/wp-content\/uploads\/2024\/06\/banner_programa_profissionalizante_header-1536x800.png 1536w, https:\/\/creativb.com.br\/instituto-antigo\/wp-content\/uploads\/2024\/06\/banner_programa_profissionalizante_header-600x313.png 600w, https:\/\/creativb.com.br\/instituto-antigo\/wp-content\/uploads\/2024\/06\/banner_programa_profissionalizante_header.png 1920w\" sizes=\"(max-width: 1024px) 100vw, 1024px\" \/>\t\t\t\t\t\t\t\t\t\t\t\t\t\t\t<\/div>\n\t\t\t\t<div class=\"elementor-element elementor-element-4540af9 elementor-widget elementor-widget-text-editor\" data-id=\"4540af9\" data-element_type=\"widget\" data-e-type=\"widget\" data-widget_type=\"text-editor.default\">\n\t\t\t\t\t\t\t\t\t<p><strong>Programa de Educa\u00e7\u00e3o Profissionalizante \u2013 Parceria com FGV &#8211; <\/strong><\/p><p>O MBA Executivo em Administra\u00e7\u00e3o e o MBA em Gest\u00e3o Estrat\u00e9gica e Econ\u00f4mica de Neg\u00f3cios, foram oferecidos com exclusividade para cooperados e colaboradores da Credicitrus, em parceria com a Funda\u00e7\u00e3o Get\u00falio Vargas, respons\u00e1vel pelo conte\u00fado e pela equipe docente, e o Servi\u00e7o de Aprendizagem do Cooperativismo em S\u00e3o Paulo (Sescoop\/SP), visando desenvolver nos alunos uma vis\u00e3o estrat\u00e9gica das atividades empresariais, com foco na cria\u00e7\u00e3o de valor, conhecimentos t\u00e9cnicos, habilidades, entre outras compet\u00eancias essenciais para gest\u00e3o.<\/p><p>A P\u00f3s-gradua\u00e7\u00e3o em Lideran\u00e7a e Inova\u00e7\u00e3o, , visa o desenvolvimento de soft e hard skills, de modo a atender \u00e0 crescente demanda de profissionais l\u00edderes, com vis\u00e3o de neg\u00f3cios voltada para a inova\u00e7\u00e3o.<\/p><p>Learning on Demand \u2013 LoD \u00e9 uma solu\u00e7\u00e3o de aprendizagem sob demanda que visa melhorar a performance dos colaboradores e os resultados da organiza\u00e7\u00e3o por meio de trilhas compostas a partir dos objetivos estrat\u00e9gicos da organiza\u00e7\u00e3o.<\/p>\t\t\t\t\t\t\t\t<\/div>\n\t\t\t\t\t<\/div>\n\t\t<\/div>\n\t\t\t\t\t<\/div>\n\t\t<\/section>\n\t\t\t\t<\/div>\n\t\t","protected":false},"excerpt":{"rendered":"<p>Programa de Educa\u00e7\u00e3o Profissionalizante \u2013 Parceria com FGV &#8211; O MBA Executivo em Administra\u00e7\u00e3o e o MBA em Gest\u00e3o Estrat\u00e9gica e Econ\u00f4mica de Neg\u00f3cios, foram oferecidos com exclusividade para cooperados e colaboradores da Credicitrus, em parceria com a Funda\u00e7\u00e3o Get\u00falio Vargas, respons\u00e1vel pelo conte\u00fado e pela equipe docente, e o Servi\u00e7o de Aprendizagem do Cooperativismo em S\u00e3o Paulo (Sescoop\/SP), visando desenvolver nos alunos uma vis\u00e3o estrat\u00e9gica das atividades empresariais, com foco na cria\u00e7\u00e3o de valor, conhecimentos t\u00e9cnicos, habilidades, entre outras compet\u00eancias essenciais para gest\u00e3o. A P\u00f3s-gradua\u00e7\u00e3o em Lideran\u00e7a e Inova\u00e7\u00e3o, , visa o desenvolvimento de soft e hard skills, de modo a atender \u00e0 crescente demanda de profissionais l\u00edderes, com vis\u00e3o de neg\u00f3cios voltada para a inova\u00e7\u00e3o. Learning on Demand \u2013 LoD \u00e9 uma solu\u00e7\u00e3o de aprendizagem sob demanda que visa melhorar a performance dos colaboradores e os resultados da organiza\u00e7\u00e3o por meio de trilhas compostas a partir dos objetivos estrat\u00e9gicos da organiza\u00e7\u00e3o.<\/p>\n","protected":false},"author":185879449,"featured_media":0,"parent":11330,"menu_order":0,"comment_status":"closed","ping_status":"closed","template":"","meta":{"footnotes":""},"class_list":["post-11508","page","type-page","status-publish","hentry"],"_links":{"self":[{"href":"https:\/\/creativb.com.br\/instituto-antigo\/wp-json\/wp\/v2\/pages\/11508","targetHints":{"allow":["GET"]}}],"collection":[{"href":"https:\/\/creativb.com.br\/instituto-antigo\/wp-json\/wp\/v2\/pages"}],"about":[{"href":"https:\/\/creativb.com.br\/instituto-antigo\/wp-json\/wp\/v2\/types\/page"}],"author":[{"embeddable":true,"href":"https:\/\/creativb.com.br\/instituto-antigo\/wp-json\/wp\/v2\/users\/185879449"}],"replies":[{"embeddable":true,"href":"https:\/\/creativb.com.br\/instituto-antigo\/wp-json\/wp\/v2\/comments?post=11508"}],"version-history":[{"count":8,"href":"https:\/\/creativb.com.br\/instituto-antigo\/wp-json\/wp\/v2\/pages\/11508\/revisions"}],"predecessor-version":[{"id":11679,"href":"https:\/\/creativb.com.br\/instituto-antigo\/wp-json\/wp\/v2\/pages\/11508\/revisions\/11679"}],"up":[{"embeddable":true,"href":"https:\/\/creativb.com.br\/instituto-antigo\/wp-json\/wp\/v2\/pages\/11330"}],"wp:attachment":[{"href":"https:\/\/creativb.com.br\/instituto-antigo\/wp-json\/wp\/v2\/media?parent=11508"}],"curies":[{"name":"wp","href":"https:\/\/api.w.org\/{rel}","templated":true}]}}